{"id":10,"date":"2016-09-07T14:15:22","date_gmt":"2016-09-07T14:15:22","guid":{"rendered":"http:\/\/oerli-dent.de\/home\/?page_id=10"},"modified":"2019-02-04T14:28:58","modified_gmt":"2019-02-04T14:28:58","slug":"impressum","status":"publish","type":"page","link":"https:\/\/oerli-dent.de\/home\/impressum\/","title":{"rendered":"Impressum"},"content":{"rendered":"<p><strong>Anschrift:<\/strong><br \/>\nZahnarztpraxis Oerli-Dent<br \/>\nDr.\/Med. Univ Szeged Adrian Hackenberger<br \/>\nDr. Amged Al-Behaissi EMOM Implantologie<br \/>\nRavensberger Stra\u00dfe 2<br \/>\n33813 Oerlinghausen<\/p>\n<p><strong>Telefon, Fax, Mail:<\/strong><br \/>\nTel: 05202 \/ 5000<br \/>\nFax: 05202 \/ 924244<br \/>\nMail: oerli-dent@t-online.de<\/p>\n<p><strong>Zust\u00e4ndige Bezirksregierung:<\/strong><br \/>\nBezirksregierung Detmold<br \/>\nLeopoldstra\u00dfe 15<br \/>\n32756 Detmold<\/p>\n<p><strong>Zust\u00e4ndige Kammer:<\/strong><br \/>\nZahn\u00e4rztekammer Westfalen-Lippe<br \/>\nAuf der Horst 29<br \/>\n48147 M\u00fcnster<\/p>\n<p><strong>Zust\u00e4ndige Aufsichtsbeh\u00f6rde:<\/strong><br \/>\nKassenzahn\u00e4rztliche Vereinigung Westfalen-Lippe<br \/>\nAuf der Horst 25<br \/>\n48147 M\u00fcnster<\/p>\n<p><strong>Berufsbezeichnung:<\/strong><br \/>\nZahnarzt Dr. med. univ. Szeged <em>Adrian Hackenberger<\/em> verliehen in Ungarn, Universit\u00e4t Szeged<\/p>\n<p>Zahnarzt Dr. med. dent. <em>Amged Al-Behaissi<\/em>, Master of Oral Medicine (MOM) Implantologie, verliehen in Deutschland, Universit\u00e4t M\u00fcnster<\/p>\n<p><strong>Verweise:<\/strong><br \/>\n<a href=\"https:\/\/www.gesetze-im-internet.de\/zhg\/BJNR002210952.html\" rel=\"external\">Zahnheilkundegesetz<\/a><br \/>\n<a href=\"https:\/\/recht.nrw.de\/lmi\/owa\/br_bes_text?sg=0&amp;menu=1&amp;anw_nr=2&amp;gld_nr=%202&amp;ugl_nr=2122&amp;val=4895&amp;ver=0&amp;aufgehoben=N&amp;keyword=&amp;bes_id=4895&amp;show_preview=1&amp;typ=Inhalt\">Heilberufsgesetz NRW<\/a><br \/>\n<a href=\"https:\/\/www.gesetze-im-internet.de\/goz_1987\/BJNR023160987.html\" rel=\"external\">Geb\u00fchrenordnung f\u00fcr Zahn\u00e4rzte<\/a><br \/>\n<a href=\"https:\/\/recht.nrw.de\/lmi\/owa\/br_bes_text?anw_nr=1&amp;bes_id=8644&amp;aufgehoben=N\" rel=\"external\">Berufsordnung f\u00fcr Zahn\u00e4rzte Westfalen-Lippe<\/a><\/p>\n<p><strong>Links:<\/strong><br \/>\nF\u00fcr Links oder Verweise auf die Internetseiten anderer Anbieter kann keinerlei Verantwortung \u00fcbernommen werden. Diese liegen ausschlie\u00dflich im Verantwortungsbereich des Drittanbieters. Wir distanzieren uns von jeglichen Inhalten, deren Verbreitung nach deutschem und ausl\u00e4ndischem Recht verboten ist und bei denen die Beihilfe zur Verbreitung strafrechtlich verfolgt wird.<br \/>\nTrotz sorgf\u00e4ltiger inhaltlicher Kontrolle \u00fcbernehmen wir keine Haftung f\u00fcr die Inhalte externer Links. F\u00fcr deren Inhalt sind ausschlie\u00dflich deren Betreiber verantwortlich. <!--StyleSheet Link--><!--StyleSheet Link--><!--StyleSheet Link--><!--StyleSheet Link--><!--StyleSheet Link--><!--StyleSheet Link--><!--StyleSheet Link--><!--StyleSheet Link--><!--StyleSheet Link--><!--StyleSheet Link--><!--StyleSheet Link--><!--StyleSheet Link--><!--StyleSheet Link--><!--StyleSheet Link--><!--StyleSheet Link--><!--StyleSheet Link--><!--StyleSheet Link--><\/p>\n","protected":false},"excerpt":{"rendered":"<p>Anschrift: Zahnarztpraxis Oerli-Dent Dr.\/Med. Univ Szeged Adrian Hackenberger Dr. Amged Al-Behaissi EMOM Implantologie Ravensberger Stra\u00dfe 2 33813 Oerlinghausen Telefon, Fax, Mail: Tel: 05202 \/ 5000 Fax: 05202 \/ 924244 Mail: oerli-dent@t-online.de Zust\u00e4ndige Bezirksregierung: Bezirksregierung Detmold Leopoldstra\u00dfe 15 32756 Detmold Zust\u00e4ndige Kammer: Zahn\u00e4rztekammer Westfalen-Lippe Auf der Horst 29 48147 M\u00fcnster Zust\u00e4ndige Aufsichtsbeh\u00f6rde: Kassenzahn\u00e4rztliche Vereinigung Westfalen-Lippe Auf &hellip; <\/p>\n<p class=\"link-more\"><a href=\"https:\/\/oerli-dent.de\/home\/impressum\/\" class=\"more-link\"><span class=\"screen-reader-text\">\u201eImpressum\u201c<\/span> weiterlesen<\/a><\/p>\n","protected":false},"author":1,"featured_media":0,"parent":0,"menu_order":0,"comment_status":"closed","ping_status":"closed","template":"","meta":{"footnotes":""},"class_list":["post-10","page","type-page","status-publish","hentry"],"_links":{"self":[{"href":"https:\/\/oerli-dent.de\/home\/wp-json\/wp\/v2\/pages\/10","targetHints":{"allow":["GET"]}}],"collection":[{"href":"https:\/\/oerli-dent.de\/home\/wp-json\/wp\/v2\/pages"}],"about":[{"href":"https:\/\/oerli-dent.de\/home\/wp-json\/wp\/v2\/types\/page"}],"author":[{"embeddable":true,"href":"https:\/\/oerli-dent.de\/home\/wp-json\/wp\/v2\/users\/1"}],"replies":[{"embeddable":true,"href":"https:\/\/oerli-dent.de\/home\/wp-json\/wp\/v2\/comments?post=10"}],"version-history":[{"count":6,"href":"https:\/\/oerli-dent.de\/home\/wp-json\/wp\/v2\/pages\/10\/revisions"}],"predecessor-version":[{"id":123,"href":"https:\/\/oerli-dent.de\/home\/wp-json\/wp\/v2\/pages\/10\/revisions\/123"}],"wp:attachment":[{"href":"https:\/\/oerli-dent.de\/home\/wp-json\/wp\/v2\/media?parent=10"}],"curies":[{"name":"wp","href":"https:\/\/api.w.org\/{rel}","templated":true}]}}