{"id":59,"date":"2019-01-18T08:31:49","date_gmt":"2019-01-18T08:31:49","guid":{"rendered":"http:\/\/oerli-dent.de\/home\/?page_id=59"},"modified":"2019-02-10T16:49:24","modified_gmt":"2019-02-10T16:49:24","slug":"aesthetik","status":"publish","type":"page","link":"https:\/\/oerli-dent.de\/home\/aesthetik\/","title":{"rendered":"\u00c4sthetik"},"content":{"rendered":"\n<p>Die \u00c4sthetik spielt in der Zahnmedizin ein gro\u00dfe Rolle. Es soll m\u00f6glichst nicht auffallen, wenn Sie einen Ersatz tragen. Aus zahnmedizinischer Sicht ist es wichtig, dass die Z\u00e4hne in einer bestimmten Harmonie zueinander stehen, dass bestimmte Achsneigungen eingehalten werden, dass Z\u00e4hne und Lippen zusammenpassen, dass man beim Lachen nicht zuviel, aber auch nicht zu wenig von den Z\u00e4hnen sieht, dass die Z\u00e4hne passend angeordnet sind, dass sie die Ihrem K\u00f6rper entsprechende Form haben und schlie\u00dflich nicht zu klein und nicht zu gro\u00df sind.<br>Das hei\u00dft nicht, dass immer alles gerade wie ein Lattenzaun sein muss und soll, denn auch ein &#8222;hollywood-wei\u00dfes&#8220; L\u00e4cheln wird Ihrem Gegen\u00fcber schnell auffallen. Zur Lebendigkeit und Charakteristik Ihres Gebisses geh\u00f6ren auch die unterschiedlichen Farbnuancen eines jeden Zahnes und das farbliche Zusammenspiel mit den Nachbarz\u00e4hnen. Ob Sie ein gelbliches oder ein leicht gr\u00e4uliches Zahnwei\u00df haben: Nat\u00fcrlichkeit ist Trumpf.<\/p>\n\n\n\n<p>Zu unserem Leistungsspektrum geh\u00f6rt es, den notwendigen Zahnersatz m\u00f6glichst unsichtbar zu integrieren. Dies ist sehr gut mit vollkeramischen Kronen und Br\u00fccken oder auch Cerec-Inlays m\u00f6glich, wenn die Defekte nicht allzu gro\u00df sind. Bei den Inlays handelt es sich um Computer unterst\u00fctzt gefr\u00e4ste F\u00fcllungen, die in den entsprechenden Zahn eingebracht werden. Dies ist auch in einer Sitzung m\u00f6glich: Sie m\u00fcssen nur einmal zu uns kommen, Sie sparen sich &#8211; da wir einen optischen Abdruck mit einer Kamera nehmen &#8211; mehrere Abdr\u00fccke, und Sie k\u00f6nnen den Zahn sofort wieder belasten.<\/p>\n\n\n\n<p>Weiter bieten wir auch dentinadh\u00e4sive Mehrschichtf\u00fcllungen an, also unsichtbare F\u00fcllungen f\u00fcr kleinere Defekte. Sie m\u00fcssen somit Ihre Z\u00e4hne nicht mehr mit Amalgam f\u00fcllen lassen.<\/p>\n\n\n\n<p>Wenn eine solche Versorgung f\u00fcr Sie in Frage kommt, sprechen Sie uns bitte an, wir werden dann nach genauer Anamnese einen \u00e4sthetisch-rekonstruktiven Behandlungsplan aufstellen, der sich an Ihren W\u00fcnschen orientiert und dabei die vorhandene Situation einbezieht.<\/p>\n\n\n\n<p>Die \u00e4sthetische Zahnmedizin besteht jedoch nicht nur aus den oben genannten Behandlungen. Vielmehr handelt es sich um ein Zusammenspiel aller zahnmedizinischen Leistungen und Faktoren, die gemeinsam den Behandlungserfolg sichern.\n<\/p>\n","protected":false},"excerpt":{"rendered":"<p>Die \u00c4sthetik spielt in der Zahnmedizin ein gro\u00dfe Rolle. Es soll m\u00f6glichst nicht auffallen, wenn Sie einen Ersatz tragen. Aus zahnmedizinischer Sicht ist es wichtig, dass die Z\u00e4hne in einer bestimmten Harmonie zueinander stehen, dass bestimmte Achsneigungen eingehalten werden, dass Z\u00e4hne und Lippen zusammenpassen, dass man beim Lachen nicht zuviel, aber auch nicht zu wenig &hellip; <\/p>\n<p class=\"link-more\"><a href=\"https:\/\/oerli-dent.de\/home\/aesthetik\/\" class=\"more-link\"><span class=\"screen-reader-text\">\u201e\u00c4sthetik\u201c<\/span> weiterlesen<\/a><\/p>\n","protected":false},"author":1,"featured_media":0,"parent":0,"menu_order":0,"comment_status":"closed","ping_status":"closed","template":"","meta":{"footnotes":""},"class_list":["post-59","page","type-page","status-publish","hentry"],"_links":{"self":[{"href":"https:\/\/oerli-dent.de\/home\/wp-json\/wp\/v2\/pages\/59","targetHints":{"allow":["GET"]}}],"collection":[{"href":"https:\/\/oerli-dent.de\/home\/wp-json\/wp\/v2\/pages"}],"about":[{"href":"https:\/\/oerli-dent.de\/home\/wp-json\/wp\/v2\/types\/page"}],"author":[{"embeddable":true,"href":"https:\/\/oerli-dent.de\/home\/wp-json\/wp\/v2\/users\/1"}],"replies":[{"embeddable":true,"href":"https:\/\/oerli-dent.de\/home\/wp-json\/wp\/v2\/comments?post=59"}],"version-history":[{"count":2,"href":"https:\/\/oerli-dent.de\/home\/wp-json\/wp\/v2\/pages\/59\/revisions"}],"predecessor-version":[{"id":135,"href":"https:\/\/oerli-dent.de\/home\/wp-json\/wp\/v2\/pages\/59\/revisions\/135"}],"wp:attachment":[{"href":"https:\/\/oerli-dent.de\/home\/wp-json\/wp\/v2\/media?parent=59"}],"curies":[{"name":"wp","href":"https:\/\/api.w.org\/{rel}","templated":true}]}}