{"id":6,"date":"2016-09-07T14:05:00","date_gmt":"2016-09-07T14:05:00","guid":{"rendered":"http:\/\/oerli-dent.de\/?page_id=6"},"modified":"2025-10-16T08:17:34","modified_gmt":"2025-10-16T08:17:34","slug":"home","status":"publish","type":"page","link":"https:\/\/oerli-dent.de\/home\/","title":{"rendered":"Ihre Zahnarztpraxis in Oerlinghausen"},"content":{"rendered":"<p>Sehr geehrte Patientin, sehr geehrter Patient,<\/p>\n<p>Unsere Praxis befindet sich im Ravensberger Haus: <strong>Ravensberger Stra\u00dfe 2,\u00a0 33813 Oerlinghausen<\/strong>.<\/p>\n<p>Wir freuen uns, Sie in unseren neuen, modernen R\u00e4umlichkeiten begr\u00fc\u00dfen zu d\u00fcrfen.<\/p>\n<p><strong>Unsere \u00d6ffnugszeiten:<\/strong><br \/>\nMontag bis Freitag\u00a0 07:30 &#8211; 12:00 , 13:30 &#8211; 17:45<\/p>\n<p>Bei Fragen zu unserer Praxis, zu unserem Behandlungsspektrum, unserem internen Meister-Dentallabor oder zu Ihrer Zahn- und Mundgesundheit k\u00f6nnen Sie sich selbstverst\u00e4ndlich jederzeit direkt an uns wenden.<\/p>\n<p>Ihre Zahn\u00e4rzte Dr. Hackenberger, Dr. Al-Behaissi<br \/>\nDr. Hesaraki, Dr. Weyer<\/p>\n","protected":false},"excerpt":{"rendered":"<p>Sehr geehrte Patientin, sehr geehrter Patient, Unsere Praxis befindet sich im Ravensberger Haus: Ravensberger Stra\u00dfe 2,\u00a0 33813 Oerlinghausen. Wir freuen uns, Sie in unseren neuen, modernen R\u00e4umlichkeiten begr\u00fc\u00dfen zu d\u00fcrfen. Unsere \u00d6ffnugszeiten: Montag bis Freitag\u00a0 07:30 &#8211; 12:00 , 13:30 &#8211; 17:45 Bei Fragen zu unserer Praxis, zu unserem Behandlungsspektrum, unserem internen Meister-Dentallabor oder zu &hellip; <\/p>\n<p class=\"link-more\"><a href=\"https:\/\/oerli-dent.de\/home\/\" class=\"more-link\"><span class=\"screen-reader-text\">\u201eIhre Zahnarztpraxis in Oerlinghausen\u201c<\/span> weiterlesen<\/a><\/p>\n","protected":false},"author":1,"featured_media":0,"parent":0,"menu_order":0,"comment_status":"closed","ping_status":"closed","template":"","meta":{"footnotes":""},"class_list":["post-6","page","type-page","status-publish","hentry"],"_links":{"self":[{"href":"https:\/\/oerli-dent.de\/home\/wp-json\/wp\/v2\/pages\/6","targetHints":{"allow":["GET"]}}],"collection":[{"href":"https:\/\/oerli-dent.de\/home\/wp-json\/wp\/v2\/pages"}],"about":[{"href":"https:\/\/oerli-dent.de\/home\/wp-json\/wp\/v2\/types\/page"}],"author":[{"embeddable":true,"href":"https:\/\/oerli-dent.de\/home\/wp-json\/wp\/v2\/users\/1"}],"replies":[{"embeddable":true,"href":"https:\/\/oerli-dent.de\/home\/wp-json\/wp\/v2\/comments?post=6"}],"version-history":[{"count":26,"href":"https:\/\/oerli-dent.de\/home\/wp-json\/wp\/v2\/pages\/6\/revisions"}],"predecessor-version":[{"id":320,"href":"https:\/\/oerli-dent.de\/home\/wp-json\/wp\/v2\/pages\/6\/revisions\/320"}],"wp:attachment":[{"href":"https:\/\/oerli-dent.de\/home\/wp-json\/wp\/v2\/media?parent=6"}],"curies":[{"name":"wp","href":"https:\/\/api.w.org\/{rel}","templated":true}]}}