{"id":61,"date":"2019-01-18T08:33:16","date_gmt":"2019-01-18T08:33:16","guid":{"rendered":"http:\/\/oerli-dent.de\/home\/?page_id=61"},"modified":"2019-02-10T16:49:53","modified_gmt":"2019-02-10T16:49:53","slug":"kieferorthopaedie","status":"publish","type":"page","link":"https:\/\/oerli-dent.de\/home\/kieferorthopaedie\/","title":{"rendered":"Kieferorthop\u00e4die"},"content":{"rendered":"\n<p>Schiefe Z\u00e4hne? Kein Problem! Zahnspangen sind keine Frage des Lebensalters. Nicht nur Kinder und Jugendliche, auch Erwachsene k\u00f6nnen mittels kieferorthop\u00e4discher Behandlung gerade stehende und sch\u00f6ne Z\u00e4hne bekommen.<\/p>\n\n\n\n<p>Nur wenn die Z\u00e4hne richtig zueinander stehen, sind ein richtiger Bi\u00df und vern\u00fcnftiges Kauen gew\u00e4hrleistet. Stehen die Z\u00e4hne zu eng, behindern sie die Mundpflege; Sie k\u00f6nnen mit der Zahnb\u00fcrste nicht \u00fcberall reinigen und Karies und Zahnfleischentz\u00fcndungen k\u00f6nnen entstehen. Au\u00dferdem belasten falsche Verzahnungen die Kiefergelenke; dies kann zu Spannungs- und Muskelproblemen f\u00fchren.<\/p>\n\n\n\n<p>Z\u00e4hne k\u00f6nnen durch sanft einwirkende Kr\u00e4fte verschoben werden. Zahn\u00e4rzte und Kieferorthop\u00e4den bewegen die Z\u00e4hne durch Druck in die gew\u00fcnschte Richtung. Hierbei bieten wir zwei Techniken an: ob festsitzende Brackets oder eine herausnehmbare Spange eingesetzt werden, h\u00e4ngt von der Art der Fehlstellung und vom gew\u00fcnschten Behandlungsziel ab.<\/p>\n\n\n\n<p>Bei beiden Techniken gibt es verschiedene optische M\u00f6glichkeiten:<br>Herausnehmbare Spangen k\u00f6nnen in allen Farben angefertigt werden. Soll ein kleines Logo Ihres Fussballvereins sichtbar sein? Kein Problem!<br>Auch bei festsitzenden Klammern kann optisch nahezu unsichtbar gearbeitet werden. Keramische Brackets k\u00f6nnen anstelle von metallischen zum Einsatz kommen. Keramische Brackets nehmen die Farbe Ihrer Z\u00e4hne an und sind somit fast unsichtbar.<\/p>\n\n\n\n<p>Wenn Sie das Gef\u00fchl haben, Ihre Z\u00e4hne oder die Ihres Kindes stehen schief oder nicht so, wie es Ihnen vorschwebt, sprechen Sie uns bitte an. Wir werden dann mit Ihnen zusammen eine entsprechende L\u00f6sung f\u00fcr das Problem erarbeiten.\n<\/p>\n","protected":false},"excerpt":{"rendered":"<p>Schiefe Z\u00e4hne? Kein Problem! Zahnspangen sind keine Frage des Lebensalters. Nicht nur Kinder und Jugendliche, auch Erwachsene k\u00f6nnen mittels kieferorthop\u00e4discher Behandlung gerade stehende und sch\u00f6ne Z\u00e4hne bekommen. Nur wenn die Z\u00e4hne richtig zueinander stehen, sind ein richtiger Bi\u00df und vern\u00fcnftiges Kauen gew\u00e4hrleistet. Stehen die Z\u00e4hne zu eng, behindern sie die Mundpflege; Sie k\u00f6nnen mit der &hellip; <\/p>\n<p class=\"link-more\"><a href=\"https:\/\/oerli-dent.de\/home\/kieferorthopaedie\/\" class=\"more-link\"><span class=\"screen-reader-text\">\u201eKieferorthop\u00e4die\u201c<\/span> weiterlesen<\/a><\/p>\n","protected":false},"author":1,"featured_media":0,"parent":0,"menu_order":0,"comment_status":"closed","ping_status":"closed","template":"","meta":{"footnotes":""},"class_list":["post-61","page","type-page","status-publish","hentry"],"_links":{"self":[{"href":"https:\/\/oerli-dent.de\/home\/wp-json\/wp\/v2\/pages\/61","targetHints":{"allow":["GET"]}}],"collection":[{"href":"https:\/\/oerli-dent.de\/home\/wp-json\/wp\/v2\/pages"}],"about":[{"href":"https:\/\/oerli-dent.de\/home\/wp-json\/wp\/v2\/types\/page"}],"author":[{"embeddable":true,"href":"https:\/\/oerli-dent.de\/home\/wp-json\/wp\/v2\/users\/1"}],"replies":[{"embeddable":true,"href":"https:\/\/oerli-dent.de\/home\/wp-json\/wp\/v2\/comments?post=61"}],"version-history":[{"count":2,"href":"https:\/\/oerli-dent.de\/home\/wp-json\/wp\/v2\/pages\/61\/revisions"}],"predecessor-version":[{"id":136,"href":"https:\/\/oerli-dent.de\/home\/wp-json\/wp\/v2\/pages\/61\/revisions\/136"}],"wp:attachment":[{"href":"https:\/\/oerli-dent.de\/home\/wp-json\/wp\/v2\/media?parent=61"}],"curies":[{"name":"wp","href":"https:\/\/api.w.org\/{rel}","templated":true}]}}